of 1136523768?
3
What is the thousands digit of 85644272?
4
What is the tens digit of 12311783?
8
What is the hundreds digit of 50266408?
4
What is the tens digit of 453768694?
9
What is the tens digit of 789844876?
7
What is the hundreds digit of 286658494?
4
What is the hundred thousands digit of 4326104?
3
What is the thousands digit of 562226295?
6
What is the millions digit of 87759855?
7
What is the thousands digit of 913723063?
3
What is the tens digit of 209553581?
8
What is the ten thousands digit of 869242358?
4
What is the millions digit of 65278020?
5
What is the tens digit of 580728354?
5
What is the ten millions digit of 1217338961?
1
What is the hundred millions digit of 654137921?
6
What is the hundred thousands digit of 9996861?
9
What is the hundreds digit of 105726062?
0
What is the thousands digit of 3835839?
5
What is the units digit of 79137913?
3
What is the hundreds digit of 1351693465?
4
What is the hundreds digit of 22111986?
9
What is the units digit of 165152615?
5
What is the hundred thousands digit of 531281182?
2
What is the units digit of 134824604?
4
What is the millions digit of 134441977?
4
What is the thousands digit of 681793279?
3
What is the ten millions digit of 108984515?
0
What is the hundred millions digit of 832184052?
8
What is the millions digit of 9048566?
9
What is the millions digit of 382011211?
2
What is the hundred thousands digit of 227591901?
5
What is the hundred thousands digit of 27435586?
4
What is the millions digit of 25445379?
5
What is the ten millions digit of 973521747?
7
What is the units digit of 408899703?
3
What is the ten thousands digit of 705718114?
1
What is the hundred thousands digit of 1914464090?
4
What is the units digit of 1406797260?
0
What is the units digit of 574906202?
2
What is the millions digit of 1842534275?
2
What is the ten millions digit of 326934015?
2
What is the tens digit of 591637652?
5
What is the millions digit of 31122205?
1
What is the hundred thousands digit of 304628605?
6
What is the hundred millions digit of 102178211?
1
What is the millions digit of 3131004616?
1
What is the units digit of 3481927451?
1
What is the hundred thousands digit of 55459456?
4
What is the ten thousands digit of 78627716?
2
What is the units digit of 200051381?
1
What is the thousands digit of 2089884813?
4
What is the tens digit of 2393041353?
5
What is the hundred thousands digit of 218795330?
7
What is the thousands digit of 2953297900?
7
What is the units digit of 25170212?
2
What is the units digit of 28347119?
9
What is the units digit of 3659542710?
0
What is the thousands digit of 434484336?
4
What is the ten thousands digit of 77912755?
1
What is the hundreds digit of 6495653?
6
What is the thousands digit of 90336687?
6
What is the tens digit of 206973818?
1
What is the ten thousands digit of 7984193053?
9
What is the hundreds digit of 316968553?
5
What is the ten millions digit of 200871776?
0
What is the ten millions digit of 3388715420?
8
What is the tens digit of 807654155?
5
What is the ten millions digit of 64768346?
6
What is the tens digit of 291971256?
5
What is the units digit of 202755691?
1
What is the ten thousands digit of 80919148?
1
What is the thousands digit of 204292012?
2
What is the units digit of 241122253?
3
What is the units digit of 1575734871?
1
What is the units digit of 83046855?
5
What is the ten thousands digit of 55694232?
9
What is the thousands digit of 4194740616?
0
What is the hundred thousands digit of 70708926?
7
What is the tens digit of 1800343896?
9
What is the billions digit of 1044610173?
1
What is the units digit of 298190398?
8
What is the hundred millions digit of 152830957?
1
What is the millions digit of 5282081142?
2
What is the hundreds digit of 5691296228?
2
What is the thousands digit of 7339083?
9
What is the hundreds digit of 1648356135?
1
What is the ten thousands digit of 266992345?
9
What is the millions digit of 710653321?
0
What is the ten millions digit of 4832647261?
3
What is the tens digit of 255910528?
2
What is the tens digit of 28774369?
6
What is the ten millions digit of 209433266?
0
What is the hundreds digit of 3821349880?
8
What is the tens digit of 6675158637?
3
What is the ten thousands digit of 468252486?
5
What is the ten thousands digit of 122156183?
5
What is the ten thousands digit of 35608726?
0
What is the millions digit of 68370697?
8
What is the ten thousands digit of 38378347?
7
What is the ten millions digit of 420416880?
2
What is the hundred millions digit of 2043662229?
0
What is the units digit of 993546407?
7
What is the ten millions digit of 85569678?
8
What is the tens digit of 1701371271?
7
What is the hundred thousands digit of 79757521?
7
What is the units digit of 1190343345?
5
What is the hundreds digit of 120831493?
4
What is the tens digit of 2318093942?
4
What is the thousands digit of 1440143075?
3
What is the hundreds digit of 531876603?
6
What is the hundreds digit of 52091076?
0
What is the hundred thousands digit of 195440632?
4
What is the tens digit of 4282987632?
3
What is the thousands digit of 67276173?
6
What is the ten thousands digit of 88111045?
1
What is the hundreds digit of 4314198385?
3
What is the ten millions digit of 732458798?
3
What is the millions digit of 615100642?
5
What is the thousands digit of 265274620?
4
What is the hundred millions digit of 717669941?
7
What is the units digit of 37960610?
0
What is the ten millions digit of 1695425192?
9
What is the thousands digit of 318955090?
5
What is the ten thousands digit of 4590081376?
8
What is the ten millions digit of 25691262?
2
What is the millions digit of 38791189?
8
What is the hundreds digit of 118532472?
4
What is the ten thousands digit of 504755652?
5
What is the millions digit of 574495501?
4
What is the ten thousands digit of 52331695?
3
What is the hundreds digit of 98455342?
3
What is the ten millions digit of 154206065?
5
What is the tens digit of 296506886?
8
What is the thousands digit of 951980088?
0
What is the ten thousands digit of 363571305?
7
What is the tens digit of 25014439?
3
What is the millions digit of 44407252?
4
What is the tens digit of 429963329?
2
What is the millions digit of 209606001?
9
What is the hundreds digit of 78747312?
3
What is the ten thousands digit of 956501158?
0
What is the ten millions digit of 496657467?
9
What is the tens digit of 615157269?
6
What is the tens digit of 124303702?
0
What is the billions digit of 2725689047?
2
What is the thousands digit of 1161090357?
0
What is the ten millions digit of 480448887?
8
What is the tens digit of 293564652?
5
What is the thousands digit of 156332271?
2
What is the units digit of 24279398?
8
What is the hundred thousands digit of 44821599?
8
What is the tens digit of 452849927?
2
What is the units digit of 106286676?
6
What is the hundred millions digit of 2854056011?
8
What is the hundred millions digit of 373442689?
3
What is the ten thousands digit of 266179750?
7
What is the units digit of 265993865?
5
What is the thousands digit of 1698335679?
5
What is the units digit of 735654863?
3
What is the millions digit of 659173556?
9
What is the hundred millions digit of 313343780?
3
What is the ten thousands digit of 201888167?
8
What is the hundreds digit of 29464217?
2
What is the ten millions digit of 2644332518?
4
What is the ten thousands digit of 96430604?
3
What is the hundreds digit of 3724183242?
2
What is the hundred millions digit of 373434750?
3
What is the thousands digit of 4855432264?
2
What is the hundreds digit of 131185039?
0
What is the units digit of 289601554?
4
What is the hundred thousands digit of 82570431?
5
What is the millions digit of 32290039?
2
What is the hundred thousands digit of 260846202?
8
What is the units digit of 35486416?
6
What is the hundred millions digit of 764121186?
7
What is the units digit of 757431170?
0
What is the hundreds digit of 1410122304?
3
What is the billions digit of 2058510990?
2
What is the hundred thousands digit of 113459104?
4
What is the thousands digit of 358139439?
9
What is the millions digit of 2011460434?
1
What is the ten millions digit of 175043443?
7
What is the hundred thousands digit of 185531408?
5
What is th